f q?
3
Let o(w) be the first derivative of 21*w**4/4 + 2*w**3 - w**2 - 12*w + 1. What is the tens digit of o(3)?
0
Suppose -5*t = 20, 2*o - 23 = 5*t + 15. Suppose 7*j - o*j - 4 = 0. What is the tens digit of (-8)/((-32)/46) - j/4?
1
Let a(n) be the third derivative of n**4/6 - 23*n**3/6 - 2*n**2. Suppose 5*q - 7*q = -40. What is the tens digit of a(q)?
5
Let n = 92 - 90. Let v(m) = 5*m**2 - 9 + 12 + 3*m**3 - 8 - n*m. What is the hundreds digit of v(3)?
1
Let x(d) = 118*d + 1518. What is the hundreds digit of x(30)?
0
What is the ten thousands digit of 1 + 41355 + 2 + 2 + -3 + 4?
4
Suppose -82*i = q - 80*i - 24728, i - 247413 = -10*q. What is the ten thousands digit of q?
2
What is the units digit of (-540)/720 - (-243357)/12?
9
Let j = -3241 - -20347. What is the thousands digit of j?
7
Let m(t) = 300*t**3 - t**2 + 1. Suppose 0 = -d - 0*d + s - 5, 5*s - 22 = 2*d. Let p be m(d). Let l = -154 - p. What is the hundreds digit of l?
1
Suppose 186*j - 1104411 = 1309869. What is the tens digit of j?
8
Suppose -2*m = 4*n - 3*m - 346, -n + 90 = -2*m. Let a = -1748 + 1725. Let x = n + a. What is the tens digit of x?
6
Suppose n - 25 = -4*o, -1 = 2*o + 6*n - n. Let h be (-4 - o/(-2)) + 45/2. Suppose -h*r = -18*r - 8. What is the units digit of r?
2
Suppose -5*a + 2135 = 5*p, -662 = -5*a + p + 1455. Let d = a + 88. What is the tens digit of d?
1
Let k = 40446 + -13765. What is the thousands digit of k?
6
Suppose -4*h - 5225 = -b - 24072, 0 = -2*h - b + 9431. What is the thousands digit of h?
4
Suppose 27293 = 23*b - 16*b. Suppose -329*w + b = -322*w. What is the units digit of w?
7
Let v be 356 - (-2 + 3 - 1). Let f be 0*(-4)/8*2/(-1). Suppose 253 = 3*g - 4*y, f*g - 4*g + v = 4*y. What is the units digit of g?
7
Let b be (-1 - 3)/(3/(-3) - 0). Suppose 4*o - 5*u + 9 = -9, 2 = -b*o - 3*u. What is the units digit of o/((-2)/61) - (1 + -3)?
3
What is the tens digit of 9/(-1)*(((-19621)/21 - -6) + -7)?
1
Let x be -8 - (-9 - (6 + 1510)). Suppose 110*k = 111*k - x. What is the thousands digit of k?
1
Suppose 1097317 = 193*w - 24*w. What is the hundreds digit of w?
4
Let h = 12465 - -4847. What is the thousands digit of h?
7
What is the tens digit of (((-224)/6)/((-2)/66) - -6)*11?
1
Let p = -5291 - -12985. What is the hundreds digit of p?
6
Let n(k) = -45*k - 91. Let w(r) = 23*r + 45. Let g(o) = -2*n(o) - 5*w(o). What is the tens digit of g(-14)?
0
Let w = -4189 - -2432. Let t = w + 2476. What is the hundreds digit of t?
7
Suppose -4*k - 12*o = -15*o + 10996, 3*k = 2*o - 8246. What is the hundreds digit of (k/(-4) + -3)/(5/10)?
3
What is the units digit of (-126)/24 - 1100187/(-44)?
9
Let t(v) = v + 8. Let c be t(-8). Suppose -2*o + o - 6 = c. Let g(w) = -5*w + 22. What is the tens digit of g(o)?
5
Suppose 0 = -2*h - k + 10436 - 3547, 3*h + k - 10335 = 0. What is the tens digit of h?
4
Let w = -132 - -135. Let a(y) = -y**2 + 14*y + 8. Let j be a(13). Suppose -w*h + 240 = j. What is the units digit of h?
3
What is the hundreds digit of (1 - (-8345)/10*8) + 11 + -10?
6
Let g(p) = 2*p + 51. Let d be g(-20). Let f(b) = 47*b + 23. Let a be f(d). Suppose 4*r = j + 3*j - a, 0 = 2*j + 4*r - 288. What is the tens digit of j?
3
Let c(z) = -2*z**3 - 68*z**2 - 5*z + 133. What is the units digit of c(-36)?
7
Suppose -11*u + 1215 = -20*u. What is the units digit of 4/(-18) - 3*26155/u?
1
Let o = -1367 + 7303. What is the thousands digit of o?
5
What is the tens digit of (-4)/2 - 780596/((-684)/18)?
4
Let p(f) = f**2 - 3*f + 10. Let s be p(-7). Let l = 11 + s. What is the tens digit of l?
9
Suppose -3*s + 77628 = 3*y, 5*y = 153*s - 152*s + 129416. What is the thousands digit of y?
5
Suppose -123583 - 562289 = -99*i. What is the hundreds digit of i?
9
Let t(l) = 18*l**2 - l - 2. Let n be t(-2). Suppose 341*c - 32 = 325*c. Suppose -2*v + c*a + 0*a = -n, 156 = 5*v + 3*a. What is the units digit of v?
3
Suppose -1013 - 875 = -4*r. Let m be (r + 11)*1/((-6)/(-4)). Let o = m + -187. What is the tens digit of o?
3
Let x(v) = -3*v + 14. Let u be x(-6). Suppose 0 = 3*a - 4 - u. Let n(k) = -k**3 + 13*k**2 - 10*k + 5. What is the tens digit of n(a)?
2
Let y = 6146 + 20675. What is the thousands digit of y?
6
Let y = 70733 + -37280. What is the units digit of y?
3
Suppose -3*h - 9 - 38 = -4*y, -3*y = -3*h - 39. What is the hundreds digit of (-294)/((2/y)/(15/(-90)))?
1
Let r(w) = -w**3 - 7*w**2 - 4*w - 13. Let y be r(-7). Suppose -y = -3*o - 0. Suppose -o*t = 3*d - 139, -t = -4*d - d + 185. What is the tens digit of d?
3
Suppose l = 396*k - 397*k + 3798, -4*l + 7586 = 2*k. What is the tens digit of k?
0
Suppose -m - m + b - 445 = 0, -m + b = 223. Suppose 3*j + 2*j + 80 = 3*v, j + v = -8. Let p = j - m. What is the hundreds digit of p?
2
Let n = -384 - -253. Let i = n - -384. What is the tens digit of i?
5
Suppose 5*a - 94154 = -4*c, 70644 = 336*c - 333*c - a. What is the ten thousands digit of c?
2
Suppose -x - 8*x + 273735 + 240795 = 0. What is the thousands digit of x?
7
Let d = 19 + -16. Suppose 5*r - 276 = -4*o - 65, -4*r + d*o = -175. Let n = r - 42. What is the units digit of n?
1
Let x be -3 - (-5 + -2 + -56). Suppose x*g - 408 = 58*g. What is the tens digit of g?
0
Let f = -268 - -191. Let z = f + 61. Let u(o) = -o**2 - 14*o + 36. What is the units digit of u(z)?
4
Suppose 5*y - 451 = -131. Suppose 4*j + 16 = y. What is the tens digit of (-22)/(-1 - (j/(-9))/2)?
6
Let x = -12977 - -44149. What is the thousands digit of x?
1
What is the hundreds digit of 42/210*(-1 - -26) + (7 - -4612)?
6
Let o = 32095 - 13744. What is the units digit of o?
1
Suppose -247 = 7*b + 61. Let t = b + 57. Suppose t*s = 10*s + 129. What is the units digit of s?
3
Suppose 5*c + 3*a + 969 = 0, -3*c + 6*c + 5*a = -575. What is the hundreds digit of -23*c/10*2?
8
Suppose 0 = -0*c + c. Suppose -2 = 10*a + 8. What is the units digit of (0 + 15 - c)*(-8)/a?
0
Let a(j) = 635*j**2 + 3196*j + 7. What is the units digit of a(-9)?
8
Let o = -131 + 131. Let u(a) = -a**3 + a + 2. Let n be u(o). What is the units digit of ((-249)/(-4))/(54/24 - n)?
9
Suppose 2*p + 904 = 5*v, -17*v = -10*v + 4*p - 1286. What is the tens digit of v?
8
Let z(w) = 157*w**2 - 2*w + 2. Let b be z(1). Let i = -62 + b. Let q = i - 27. What is the tens digit of q?
6
Let q = 108 + -106. Suppose -q*l + 1639 = 161. What is the hundreds digit of l?
7
Suppose -64*q + 210 = -22*q. Suppose 6*w + 672 = 4*c + 4*w, 0 = q*w. What is the hundreds digit of c?
1
Let y(q) = -2*q**3 + 2*q + 20. Let g be y(0). Suppose 0 = -2*c + 2*a + g, -3*c + 2*a = 4*a - 10. What is the units digit of c?
6
Let z(f) be the second derivative of -26*f + 29/2*f**2 - 2*f**3 + 0. What is the units digit of z(-7)?
3
Let q be 5 + -12*3635/(-20). Let y = -1539 + q. What is the tens digit of y?
4
Suppose 4*m = 3*h + 28, -3*h = -3*m + h + 14. Suppose 0 = -3*l + 4*w + 341, 0 = -4*l - 9*w + m*w + 446. Let v = l + 45. What is the tens digit of v?
5
Suppose -3*g - 3*k + 3 = 0, -7*g + 11*g - 5*k - 31 = 0. Suppose -4*n = g*w - 3892, 2*n - 777 = 2*w + 1173. What is the tens digit of n?
7
Let j be ((-2)/4)/((-3)/72*-4). Let o be j/(-3 + -3)*22. What is the tens digit of 2/o - 1624/(-22)?
7
Suppose t - 4*q - 18699 + 4940 = 0, 3*t - 4*q - 41261 = 0. What is the thousands digit of t?
3
Suppose -t + 6*t = 2*q - 1219, 3*q - 1800 = -2*t. Suppose -q - 798 = -4*n. What is the hundreds digit of n?
3
Let x(t) = -t**3 - 16*t**2 - 27*t + 21. Let l be x(-17). Let v = -604 + l. What is the units digit of v?
5
Let o be 26/(-104)*-4*3. Suppose 5*g - 5*y = 901 + 4504, -o*y - 12 = 0. What is the tens digit of g?
7
Let k(l) = -34*l. Let h be k(11). Let i be 9/(-11) + 1 + (-364956)/h. Suppose 6*z - i = -2*z. What is the tens digit of z?
2
Let b be 1/(-3 + 2) - (-1140)/(-5). Let h = -336 - b. Let c = 87 - h. What is the tens digit of c?
9
Let i = 107 - 265. Let m = 557 + i. What is the hundreds digit of m?
3
Let m = -6 + -47. Let n = m - -53. Suppose -4*c = -0*b - 3*b + 243, -2*b - 5*c + 162 = n. What is the units digit of b?
1
Let o be 4 - -23 - (-1 + 8). Suppose o*n - 10264 = 12*n. What is the tens digit of n?
8
Let q(j) = 7*j + 28. Suppose 25 = 5*k, -2*r = 2*r + 2*k + 2. Let v be q(r). What is the tens digit of ((-1722)/49)/((-8)/v - -1)?
4
What is the hundreds digit of (5/((-370)/(-999)))/((-1)/((-7624)/6))